{"id":31,"date":"2020-11-22T18:16:26","date_gmt":"2020-11-22T18:16:26","guid":{"rendered":"https:\/\/lipska.art\/?page_id=31"},"modified":"2021-05-09T18:49:25","modified_gmt":"2021-05-09T17:49:25","slug":"o-mnie","status":"publish","type":"page","link":"https:\/\/lipska.art\/index.php\/o-mnie\/","title":{"rendered":"O mnie"},"content":{"rendered":"\n<p>Cze\u015b\u0107! <\/p>\n\n\n\n<p>Nazywam si\u0119 Ida, ale wol\u0119 jak zwraca si\u0119 do mnie Lisa lub ewentualnie Mika :3<\/p>\n\n\n\n<p>Aktualnie mam 15 lat.<\/p>\n\n\n\n<p>Na tej stronie, znajduj\u0105 si\u0119 moje: szkice i obrazy. W przysz\u0142o\u015bci  najpewniej b\u0119d\u0105 znajdowa\u0107 te\u017c si\u0119 inne rzeczy.<\/p>\n\n\n\n<p>wi\u0119kszo\u015b\u0107 rysunk\u00f3w jak i obraz\u00f3w s\u0105 inspirowane zdj\u0119ciami z internetu <\/p>\n\n\n\n<p>( ale nie wszystkie).<\/p>\n\n\n\n<p><\/p>\n","protected":false},"excerpt":{"rendered":"<p>Cze\u015b\u0107! Nazywam si\u0119 Ida, ale wol\u0119 jak zwraca si\u0119 do mnie Lisa lub ewentualnie Mika<\/p>\n<div class=\"read-more\"><a href=\"https:\/\/lipska.art\/index.php\/o-mnie\/\" class=\"more-link\">Read More<\/a><\/div>\n","protected":false},"author":1,"featured_media":0,"parent":0,"menu_order":0,"comment_status":"closed","ping_status":"closed","template":"","meta":[],"_links":{"self":[{"href":"https:\/\/lipska.art\/index.php\/wp-json\/wp\/v2\/pages\/31"}],"collection":[{"href":"https:\/\/lipska.art\/index.php\/wp-json\/wp\/v2\/pages"}],"about":[{"href":"https:\/\/lipska.art\/index.php\/wp-json\/wp\/v2\/types\/page"}],"author":[{"embeddable":true,"href":"https:\/\/lipska.art\/index.php\/wp-json\/wp\/v2\/users\/1"}],"replies":[{"embeddable":true,"href":"https:\/\/lipska.art\/index.php\/wp-json\/wp\/v2\/comments?post=31"}],"version-history":[{"count":5,"href":"https:\/\/lipska.art\/index.php\/wp-json\/wp\/v2\/pages\/31\/revisions"}],"predecessor-version":[{"id":187,"href":"https:\/\/lipska.art\/index.php\/wp-json\/wp\/v2\/pages\/31\/revisions\/187"}],"wp:attachment":[{"href":"https:\/\/lipska.art\/index.php\/wp-json\/wp\/v2\/media?parent=31"}],"curies":[{"name":"wp","href":"https:\/\/api.w.org\/{rel}","templated":true}]}}